{"id":1925,"date":"2025-10-21T14:52:52","date_gmt":"2025-10-21T19:52:52","guid":{"rendered":"https:\/\/colvapor.com\/colvapor_new\/?page_id=1925"},"modified":"2025-10-23T17:16:34","modified_gmt":"2025-10-23T22:16:34","slug":"accesorios","status":"publish","type":"page","link":"https:\/\/colvapor.com\/colvapor_new\/productos\/accesorios\/","title":{"rendered":"PRODUCTOS-ACCESORIOS"},"content":{"rendered":"\n<div class=\"wp-block-columns is-layout-flex wp-container-core-columns-is-layout-eb57ae29 wp-block-columns-is-layout-flex\" style=\"margin-top:0;margin-bottom:0;padding-top:var(--wp--preset--spacing--70);padding-right:0;padding-bottom:var(--wp--preset--spacing--70);padding-left:0\">\n<div class=\"wp-block-column is-layout-flow wp-block-column-is-layout-flow\">\n<div class=\"wp-block-buttons is-content-justification-left is-layout-flex wp-container-core-buttons-is-layout-c20d4b0f wp-block-buttons-is-layout-flex\" style=\"margin-top:0;margin-bottom:0;padding-top:0;padding-right:0;padding-bottom:0;padding-left:0\">\n<div class=\"wp-block-button\"><a class=\"wp-block-button__link has-black-color has-ast-global-color-7-background-color has-text-color has-background has-link-color wp-element-button\" href=\"https:\/\/colvapor.com\/colvapor_new\/productos\/valvulas\/\"><strong>V\u00c1LVULAS<\/strong><\/a><\/div>\n\n\n\n<div class=\"wp-block-button\"><a class=\"wp-block-button__link has-black-color has-ast-global-color-7-background-color has-text-color has-background has-link-color wp-element-button\" href=\"https:\/\/colvapor.com\/colvapor_new\/productos\/tuberias\/\"><strong>TUBER\u00cdAS<\/strong><\/a><\/div>\n\n\n\n<div class=\"wp-block-button\"><a class=\"wp-block-button__link has-black-color has-light-green-cyan-background-color has-text-color has-background has-link-color wp-element-button\" href=\"https:\/\/colvapor.com\/colvapor_new\/productos\/accesorios\/\"><strong>ACCESORIOS<\/strong><\/a><\/div>\n\n\n\n<div class=\"wp-block-button\"><a class=\"wp-block-button__link has-black-color has-ast-global-color-7-background-color has-text-color has-background has-link-color wp-element-button\" href=\"https:\/\/colvapor.com\/colvapor_new\/productos\/instrumentacion\/\"><strong>INTRUMENTACI\u00d3N Y CONTROL<\/strong><\/a><\/div>\n\n\n\n<div class=\"wp-block-button\"><a class=\"wp-block-button__link has-black-color has-ast-global-color-7-background-color has-text-color has-background has-link-color wp-element-button\" href=\"https:\/\/colvapor.com\/colvapor_new\/productos\/corrosion\/\"><strong>CORROSI\u00d3N<\/strong><\/a><\/div>\n<\/div>\n<\/div>\n<\/div>\n\n\n\n<div class=\"wp-block-columns is-layout-flex wp-container-core-columns-is-layout-a9a6eddd wp-block-columns-is-layout-flex\" style=\"padding-top:4px;padding-right:4px;padding-bottom:4px;padding-left:4px\">\n<div class=\"wp-block-column has-border-color has-ast-global-color-7-border-color is-layout-flow wp-block-column-is-layout-flow\" style=\"border-width:1px;padding-top:var(--wp--preset--spacing--20);padding-right:var(--wp--preset--spacing--20);padding-bottom:var(--wp--preset--spacing--20);padding-left:var(--wp--preset--spacing--20)\">\n<pre class=\"wp-block-verse has-text-align-center\" style=\"border-width:1px\"><strong>BRIDAS<\/strong><br>FLANGES<\/pre>\n\n\n\n<div class=\"wp-block-columns is-layout-flex wp-container-core-columns-is-layout-28f84493 wp-block-columns-is-layout-flex\">\n<div class=\"wp-block-column is-layout-flow wp-block-column-is-layout-flow\">\n<figure class=\"wp-block-image size-full\"><img loading=\"lazy\" decoding=\"async\" width=\"400\" height=\"400\" src=\"https:\/\/colvapor.com\/colvapor_new\/wp-content\/uploads\/2025\/10\/flange.png\" alt=\"flange\" class=\"wp-image-1926\" title=\"PRODUCTOS-ACCESORIOS\" srcset=\"https:\/\/colvapor.com\/colvapor_new\/wp-content\/uploads\/2025\/10\/flange.png 400w, https:\/\/colvapor.com\/colvapor_new\/wp-content\/uploads\/2025\/10\/flange-300x300.png 300w, https:\/\/colvapor.com\/colvapor_new\/wp-content\/uploads\/2025\/10\/flange-150x150.png 150w, https:\/\/colvapor.com\/colvapor_new\/wp-content\/uploads\/2025\/10\/flange-100x100.png 100w\" sizes=\"auto, (max-width: 400px) 100vw, 400px\" \/><\/figure>\n<\/div>\n\n\n\n<div class=\"wp-block-column is-layout-flow wp-block-column-is-layout-flow\">\n<pre class=\"wp-block-verse has-ast-global-color-5-background-color has-background has-inter-font-family\" style=\"font-size:14px\"><strong>Usos comunes<\/strong>: <br>Conexi\u00f3n desmontable entre tuber\u00edas, v\u00e1lvulas y equipos. Facilitan mantenimiento y montaje.<br><br><strong>Caracter\u00edsticas:<\/strong><br><br>1. Permiten sellado herm\u00e9tico con empaques.<br>2. Variedad de est\u00e1ndares: ANSI, DIN, API.<br>3. Pueden ser soldadas, roscadas o deslizadas.<\/pre>\n<\/div>\n<\/div>\n\n\n\n<pre class=\"wp-block-verse has-ast-global-color-5-background-color has-background has-inter-font-family\" style=\"font-size:14px\"><strong>VARIACIONES<br><br><\/strong>Brida ciega (Blind flange).<br>Brida de cuello para soldar (Welding neck).<br>Brida deslizante (Slip-on).<br>Brida roscada (Threaded).<br>Brida de uni\u00f3n (Lap joint).<\/pre>\n<\/div>\n\n\n\n<div class=\"wp-block-column has-border-color has-ast-global-color-7-border-color is-layout-flow wp-block-column-is-layout-flow\" style=\"border-width:1px;padding-top:var(--wp--preset--spacing--20);padding-right:var(--wp--preset--spacing--20);padding-bottom:var(--wp--preset--spacing--20);padding-left:var(--wp--preset--spacing--20)\">\n<pre class=\"wp-block-verse has-text-align-center\" style=\"border-width:1px\"><strong>TEES<\/strong><br>T<\/pre>\n\n\n\n<div class=\"wp-block-columns is-layout-flex wp-container-core-columns-is-layout-28f84493 wp-block-columns-is-layout-flex\">\n<div class=\"wp-block-column is-layout-flow wp-block-column-is-layout-flow\">\n<figure class=\"wp-block-image size-full\"><img loading=\"lazy\" decoding=\"async\" width=\"400\" height=\"400\" src=\"https:\/\/colvapor.com\/colvapor_new\/wp-content\/uploads\/2025\/10\/tee.png\" alt=\"tee\" class=\"wp-image-1927\" title=\"PRODUCTOS-ACCESORIOS\" srcset=\"https:\/\/colvapor.com\/colvapor_new\/wp-content\/uploads\/2025\/10\/tee.png 400w, https:\/\/colvapor.com\/colvapor_new\/wp-content\/uploads\/2025\/10\/tee-300x300.png 300w, https:\/\/colvapor.com\/colvapor_new\/wp-content\/uploads\/2025\/10\/tee-150x150.png 150w, https:\/\/colvapor.com\/colvapor_new\/wp-content\/uploads\/2025\/10\/tee-100x100.png 100w\" sizes=\"auto, (max-width: 400px) 100vw, 400px\" \/><\/figure>\n<\/div>\n\n\n\n<div class=\"wp-block-column is-layout-flow wp-block-column-is-layout-flow\">\n<pre class=\"wp-block-verse has-ast-global-color-5-background-color has-background has-inter-font-family\" style=\"font-size:14px\"><strong>Usos comunes<\/strong>: <br>Dividir o combinar el flujo en tres direcciones.<br>Muy comunes en redes de distribuci\u00f3n.<br><br><strong>Caracter\u00edsticas:<\/strong><br><br>1. Pueden ser iguales o reducidas.<br>2. F\u00e1ciles de instalar y soldar.<br>3. Alta resistencia a presi\u00f3n y temperatura.<br><\/pre>\n<\/div>\n<\/div>\n\n\n\n<pre class=\"wp-block-verse has-ast-global-color-5-background-color has-background has-inter-font-family\" style=\"font-size:14px\"><strong>VARIACIONES<\/strong><br><br>Tee igual (Equal Tee).<br>Tee reducida (Reducing Tee).<br>Tee barred (con deflector interno para control de flujo).<\/pre>\n<\/div>\n<\/div>\n\n\n\n<div class=\"wp-block-columns is-layout-flex wp-container-core-columns-is-layout-a9a6eddd wp-block-columns-is-layout-flex\" style=\"padding-top:4px;padding-right:4px;padding-bottom:4px;padding-left:4px\">\n<div class=\"wp-block-column has-border-color has-ast-global-color-7-border-color is-layout-flow wp-block-column-is-layout-flow\" style=\"border-width:1px;padding-top:var(--wp--preset--spacing--20);padding-right:var(--wp--preset--spacing--20);padding-bottom:var(--wp--preset--spacing--20);padding-left:var(--wp--preset--spacing--20)\">\n<p class=\"has-text-align-center\" style=\"border-width:1px\"><strong>C\u00d3DOS<\/strong><br>ELBOWS<\/p>\n\n\n\n<div class=\"wp-block-columns is-layout-flex wp-container-core-columns-is-layout-28f84493 wp-block-columns-is-layout-flex\">\n<div class=\"wp-block-column is-layout-flow wp-block-column-is-layout-flow\">\n<figure class=\"wp-block-image size-full\"><img loading=\"lazy\" decoding=\"async\" width=\"402\" height=\"400\" src=\"https:\/\/colvapor.com\/colvapor_new\/wp-content\/uploads\/2025\/10\/elbow.png\" alt=\"elbow\" class=\"wp-image-1930\" title=\"PRODUCTOS-ACCESORIOS\" srcset=\"https:\/\/colvapor.com\/colvapor_new\/wp-content\/uploads\/2025\/10\/elbow.png 402w, https:\/\/colvapor.com\/colvapor_new\/wp-content\/uploads\/2025\/10\/elbow-300x300.png 300w, https:\/\/colvapor.com\/colvapor_new\/wp-content\/uploads\/2025\/10\/elbow-150x150.png 150w, https:\/\/colvapor.com\/colvapor_new\/wp-content\/uploads\/2025\/10\/elbow-100x100.png 100w\" sizes=\"auto, (max-width: 402px) 100vw, 402px\" \/><\/figure>\n<\/div>\n\n\n\n<div class=\"wp-block-column is-layout-flow wp-block-column-is-layout-flow\">\n<pre class=\"wp-block-verse has-ast-global-color-5-background-color has-background has-inter-font-family\" style=\"font-size:14px\"><strong>Usos comunes<\/strong>: <br>Cambiar la direcci\u00f3n del flujo (com\u00fanmente 45\u00b0 o 90\u00b0).<br>Instalaciones donde el espacio es limitado.<br><br><strong>Caracter\u00edsticas:<\/strong><br><br>1. Alta resistencia mec\u00e1nica.<br>2. Disponibles en soldadura a tope, roscados o con extremos biselados.<br>3. Fabricados en acero al carbono, inoxidable, aleado.<\/pre>\n<\/div>\n<\/div>\n\n\n\n<pre class=\"wp-block-verse has-ast-global-color-5-background-color has-background has-inter-font-family\" style=\"font-size:14px\"><strong>VARIACIONES<\/strong><br><br>Codo 90\u00b0 est\u00e1ndar.<br>Codo 45\u00b0.<br>Codo largo radio (long radius).<br>Codo corto radio (short radius).<\/pre>\n<\/div>\n\n\n\n<div class=\"wp-block-column has-border-color has-ast-global-color-7-border-color is-layout-flow wp-block-column-is-layout-flow\" style=\"border-width:1px;padding-top:var(--wp--preset--spacing--20);padding-right:var(--wp--preset--spacing--20);padding-bottom:var(--wp--preset--spacing--20);padding-left:var(--wp--preset--spacing--20)\">\n<p class=\"has-text-align-center\" style=\"border-width:1px\"><strong>REDUCCIONES<\/strong><br>REDUCER<\/p>\n\n\n\n<div class=\"wp-block-columns is-layout-flex wp-container-core-columns-is-layout-28f84493 wp-block-columns-is-layout-flex\">\n<div class=\"wp-block-column is-layout-flow wp-block-column-is-layout-flow\">\n<figure class=\"wp-block-image size-full\"><img loading=\"lazy\" decoding=\"async\" width=\"400\" height=\"400\" src=\"https:\/\/colvapor.com\/colvapor_new\/wp-content\/uploads\/2025\/10\/reducer.png\" alt=\"reducer\" class=\"wp-image-1932\" title=\"PRODUCTOS-ACCESORIOS\" srcset=\"https:\/\/colvapor.com\/colvapor_new\/wp-content\/uploads\/2025\/10\/reducer.png 400w, https:\/\/colvapor.com\/colvapor_new\/wp-content\/uploads\/2025\/10\/reducer-300x300.png 300w, https:\/\/colvapor.com\/colvapor_new\/wp-content\/uploads\/2025\/10\/reducer-150x150.png 150w, https:\/\/colvapor.com\/colvapor_new\/wp-content\/uploads\/2025\/10\/reducer-100x100.png 100w\" sizes=\"auto, (max-width: 400px) 100vw, 400px\" \/><\/figure>\n<\/div>\n\n\n\n<div class=\"wp-block-column is-layout-flow wp-block-column-is-layout-flow\">\n<pre class=\"wp-block-verse has-ast-global-color-5-background-color has-background has-inter-font-family\" style=\"font-size:14px\"><strong>Usos comunes<\/strong>: <br>Adaptar tuber\u00edas de diferentes di\u00e1metros.<br>Controlar velocidad y presi\u00f3n del flujo.<br><br><strong>Caracter\u00edsticas:<\/strong><br><br>Dise\u00f1o c\u00f3nico para minimizar turbulencias.<br>Soldadura a tope o roscados.<br>Fabricados en acero al carbono, inoxidable, aleado.<\/pre>\n<\/div>\n<\/div>\n\n\n\n<pre class=\"wp-block-verse has-ast-global-color-5-background-color has-background has-inter-font-family\" style=\"font-size:14px\"><strong>VARIACIONES<\/strong><br><br>Reducci\u00f3n conc\u00e9ntrica.<br>Reducci\u00f3n exc\u00e9ntrica (ideal para evitar acumulaci\u00f3n de l\u00edquidos).<\/pre>\n<\/div>\n<\/div>\n\n\n\n<div class=\"wp-block-columns is-layout-flex wp-container-core-columns-is-layout-a9a6eddd wp-block-columns-is-layout-flex\" style=\"padding-top:4px;padding-right:4px;padding-bottom:4px;padding-left:4px\">\n<div class=\"wp-block-column has-border-color has-ast-global-color-7-border-color is-layout-flow wp-block-column-is-layout-flow\" style=\"border-width:1px;padding-top:var(--wp--preset--spacing--20);padding-right:var(--wp--preset--spacing--20);padding-bottom:var(--wp--preset--spacing--20);padding-left:var(--wp--preset--spacing--20)\">\n<p class=\"has-text-align-center\" style=\"border-width:1px\"><strong>TAPAS<\/strong><br>CAPS<\/p>\n\n\n\n<div class=\"wp-block-columns is-layout-flex wp-container-core-columns-is-layout-28f84493 wp-block-columns-is-layout-flex\">\n<div class=\"wp-block-column is-layout-flow wp-block-column-is-layout-flow\">\n<figure class=\"wp-block-image size-full\"><img loading=\"lazy\" decoding=\"async\" width=\"400\" height=\"400\" src=\"https:\/\/colvapor.com\/colvapor_new\/wp-content\/uploads\/2025\/10\/tapas.png\" alt=\"tapas\" class=\"wp-image-1933\" title=\"PRODUCTOS-ACCESORIOS\" srcset=\"https:\/\/colvapor.com\/colvapor_new\/wp-content\/uploads\/2025\/10\/tapas.png 400w, https:\/\/colvapor.com\/colvapor_new\/wp-content\/uploads\/2025\/10\/tapas-300x300.png 300w, https:\/\/colvapor.com\/colvapor_new\/wp-content\/uploads\/2025\/10\/tapas-150x150.png 150w, https:\/\/colvapor.com\/colvapor_new\/wp-content\/uploads\/2025\/10\/tapas-100x100.png 100w\" sizes=\"auto, (max-width: 400px) 100vw, 400px\" \/><\/figure>\n<\/div>\n\n\n\n<div class=\"wp-block-column is-layout-flow wp-block-column-is-layout-flow\">\n<pre class=\"wp-block-verse has-ast-global-color-5-background-color has-background has-inter-font-family\" style=\"font-size:14px\"><strong>Usos comunes<\/strong>: <br>Cierre de extremos de tuber\u00edas.<br>Pruebas de presi\u00f3n o finalizaci\u00f3n de l\u00edneas.<br><br><strong>Caracter\u00edsticas:<\/strong><br><br>1. Dise\u00f1o simple y robusto.<br>2. Se sueldan o roscan.<br>3. Alta resistencia a presi\u00f3n.<br><br><\/pre>\n<\/div>\n<\/div>\n\n\n\n<pre class=\"wp-block-verse has-ast-global-color-5-background-color has-background has-inter-font-family\" style=\"font-size:14px\"><strong>VARIACIONES<\/strong><br><br>Tapa hemisf\u00e9rica.<br>Tapa plana.<br>Tapa roscada.<\/pre>\n<\/div>\n\n\n\n<div class=\"wp-block-column has-border-color has-ast-global-color-7-border-color is-layout-flow wp-block-column-is-layout-flow\" style=\"border-width:1px;padding-top:var(--wp--preset--spacing--20);padding-right:var(--wp--preset--spacing--20);padding-bottom:var(--wp--preset--spacing--20);padding-left:var(--wp--preset--spacing--20)\">\n<p class=\"has-text-align-center\" style=\"border-width:1px\"><strong>UNIONES<\/strong><br>UNIONS<\/p>\n\n\n\n<div class=\"wp-block-columns is-layout-flex wp-container-core-columns-is-layout-28f84493 wp-block-columns-is-layout-flex\">\n<div class=\"wp-block-column is-layout-flow wp-block-column-is-layout-flow\">\n<figure class=\"wp-block-image size-full\"><img loading=\"lazy\" decoding=\"async\" width=\"400\" height=\"400\" src=\"https:\/\/colvapor.com\/colvapor_new\/wp-content\/uploads\/2025\/10\/union.png\" alt=\"union\" class=\"wp-image-1936\" title=\"PRODUCTOS-ACCESORIOS\" srcset=\"https:\/\/colvapor.com\/colvapor_new\/wp-content\/uploads\/2025\/10\/union.png 400w, https:\/\/colvapor.com\/colvapor_new\/wp-content\/uploads\/2025\/10\/union-300x300.png 300w, https:\/\/colvapor.com\/colvapor_new\/wp-content\/uploads\/2025\/10\/union-150x150.png 150w, https:\/\/colvapor.com\/colvapor_new\/wp-content\/uploads\/2025\/10\/union-100x100.png 100w\" sizes=\"auto, (max-width: 400px) 100vw, 400px\" \/><\/figure>\n<\/div>\n\n\n\n<div class=\"wp-block-column is-layout-flow wp-block-column-is-layout-flow\">\n<pre class=\"wp-block-verse has-ast-global-color-5-background-color has-background has-inter-font-family\" style=\"font-size:14px\"><strong>Usos comunes<\/strong>: <br>Conexi\u00f3n r\u00e1pida y desmontable entre dos tramos de tuber\u00eda.<br>Ideal para mantenimiento frecuente.<br><br><strong>Caracter\u00edsticas:<\/strong><br><br>1. Compuestas por tres partes: cuerpo, tuerca y extremo roscado.<br>2. F\u00e1ciles de instalar y desmontar.<br>3. Usadas en sistemas de baja y media presi\u00f3n.<\/pre>\n<\/div>\n<\/div>\n\n\n\n<pre class=\"wp-block-verse has-ast-global-color-5-background-color has-background has-inter-font-family\" style=\"font-size:14px\"><strong>VARIACIONES<\/strong><br><br>Uni\u00f3n roscada.<br>Uni\u00f3n soldada.<br>Uni\u00f3n de transici\u00f3n (entre materiales distintos).<\/pre>\n<\/div>\n<\/div>\n\n\n\n<div class=\"wp-block-columns is-layout-flex wp-container-core-columns-is-layout-a9a6eddd wp-block-columns-is-layout-flex\" style=\"padding-top:4px;padding-right:4px;padding-bottom:4px;padding-left:4px\">\n<div class=\"wp-block-column has-border-color has-ast-global-color-7-border-color is-layout-flow wp-block-column-is-layout-flow\" style=\"border-width:1px;padding-top:var(--wp--preset--spacing--20);padding-right:var(--wp--preset--spacing--20);padding-bottom:var(--wp--preset--spacing--20);padding-left:var(--wp--preset--spacing--20)\">\n<p class=\"has-text-align-center\" style=\"border-width:1px\"><strong>NIPPLES Y MANGUITOS<\/strong><br>NIPPLES AND COUPLINGS<\/p>\n\n\n\n<div class=\"wp-block-columns is-layout-flex wp-container-core-columns-is-layout-28f84493 wp-block-columns-is-layout-flex\">\n<div class=\"wp-block-column is-layout-flow wp-block-column-is-layout-flow\">\n<figure class=\"wp-block-image size-full\"><img loading=\"lazy\" decoding=\"async\" width=\"400\" height=\"400\" src=\"https:\/\/colvapor.com\/colvapor_new\/wp-content\/uploads\/2025\/10\/niples-acople.png\" alt=\"niples acople\" class=\"wp-image-1937\" title=\"PRODUCTOS-ACCESORIOS\" srcset=\"https:\/\/colvapor.com\/colvapor_new\/wp-content\/uploads\/2025\/10\/niples-acople.png 400w, https:\/\/colvapor.com\/colvapor_new\/wp-content\/uploads\/2025\/10\/niples-acople-300x300.png 300w, https:\/\/colvapor.com\/colvapor_new\/wp-content\/uploads\/2025\/10\/niples-acople-150x150.png 150w, https:\/\/colvapor.com\/colvapor_new\/wp-content\/uploads\/2025\/10\/niples-acople-100x100.png 100w\" sizes=\"auto, (max-width: 400px) 100vw, 400px\" \/><\/figure>\n<\/div>\n\n\n\n<div class=\"wp-block-column is-layout-flow wp-block-column-is-layout-flow\">\n<pre class=\"wp-block-verse has-ast-global-color-5-background-color has-background has-inter-font-family\" style=\"font-size:14px\"><strong>Usos comunes<\/strong>: <br>Extensi\u00f3n o conexi\u00f3n entre accesorios o v\u00e1lvulas.<br>Transici\u00f3n entre roscas o extremos.<br><br><strong>Caracter\u00edsticas:<\/strong><br><br>1. Piezas cortas de tuber\u00eda con rosca en ambos extremos.<br>2. Fabricados en acero al carbono o inoxidable.<\/pre>\n<\/div>\n<\/div>\n\n\n\n<pre class=\"wp-block-verse has-ast-global-color-5-background-color has-background has-inter-font-family\" style=\"font-size:14px\"><strong>VARIACIONES<\/strong><br><br>Nipple recto.<br>Nipple reducido.<br>Manguito roscado.<br>Manguito soldado.<\/pre>\n<\/div>\n\n\n\n<div class=\"wp-block-column has-border-color has-ast-global-color-7-border-color is-layout-flow wp-block-column-is-layout-flow\" style=\"border-width:1px;padding-top:var(--wp--preset--spacing--20);padding-right:var(--wp--preset--spacing--20);padding-bottom:var(--wp--preset--spacing--20);padding-left:var(--wp--preset--spacing--20)\"><\/div>\n<\/div>\n\n\n\n<p><\/p>\n","protected":false},"excerpt":{"rendered":"<p>BRIDASFLANGES Usos comunes: Conexi\u00f3n desmontable entre tuber\u00edas, v\u00e1lvulas y equipos. Facilitan mantenimiento y montaje.Caracter\u00edsticas:1. Permiten sellado herm\u00e9tico con empaques.2. Variedad [&hellip;]<\/p>\n","protected":false},"author":1,"featured_media":0,"parent":11,"menu_order":0,"comment_status":"closed","ping_status":"closed","template":"","meta":{"site-sidebar-layout":"default","site-content-layout":"","ast-site-content-layout":"normal-width-container","site-content-style":"default","site-sidebar-style":"default","ast-global-header-display":"","ast-banner-title-visibility":"","ast-main-header-display":"","ast-hfb-above-header-display":"","ast-hfb-below-header-display":"","ast-hfb-mobile-header-display":"","site-post-title":"disabled","ast-breadcrumbs-content":"","ast-featured-img":"","footer-sml-layout":"","ast-disable-related-posts":"","theme-transparent-header-meta":"disabled","adv-header-id-meta":"","stick-header-meta":"","header-above-stick-meta":"","header-main-stick-meta":"","header-below-stick-meta":"","astra-migrate-meta-layouts":"default","ast-page-background-enabled":"default","ast-page-background-meta":{"desktop":{"background-color":"var(--ast-global-color-5)","background-image":"","background-repeat":"repeat","background-position":"center center","background-size":"auto","background-attachment":"scroll","background-type":"","background-media":"","overlay-type":"","overlay-color":"","overlay-opacity":"","overlay-gradient":""},"tablet":{"background-color":"","background-image":"","background-repeat":"repeat","background-position":"center center","background-size":"auto","background-attachment":"scroll","background-type":"","background-media":"","overlay-type":"","overlay-color":"","overlay-opacity":"","overlay-gradient":""},"mobile":{"background-color":"","background-image":"","background-repeat":"repeat","background-position":"center center","background-size":"auto","background-attachment":"scroll","background-type":"","background-media":"","overlay-type":"","overlay-color":"","overlay-opacity":"","overlay-gradient":""}},"ast-content-background-meta":{"desktop":{"background-color":"var(--ast-global-color-4)","background-image":"","background-repeat":"repeat","background-position":"center center","background-size":"auto","background-attachment":"scroll","background-type":"","background-media":"","overlay-type":"","overlay-color":"","overlay-opacity":"","overlay-gradient":""},"tablet":{"background-color":"var(--ast-global-color-4)","background-image":"","background-repeat":"repeat","background-position":"center center","background-size":"auto","background-attachment":"scroll","background-type":"","background-media":"","overlay-type":"","overlay-color":"","overlay-opacity":"","overlay-gradient":""},"mobile":{"background-color":"var(--ast-global-color-4)","background-image":"","background-repeat":"repeat","background-position":"center center","background-size":"auto","background-attachment":"scroll","background-type":"","background-media":"","overlay-type":"","overlay-color":"","overlay-opacity":"","overlay-gradient":""}},"_joinchat":[],"footnotes":""},"class_list":["post-1925","page","type-page","status-publish","hentry"],"_links":{"self":[{"href":"https:\/\/colvapor.com\/colvapor_new\/wp-json\/wp\/v2\/pages\/1925","targetHints":{"allow":["GET"]}}],"collection":[{"href":"https:\/\/colvapor.com\/colvapor_new\/wp-json\/wp\/v2\/pages"}],"about":[{"href":"https:\/\/colvapor.com\/colvapor_new\/wp-json\/wp\/v2\/types\/page"}],"author":[{"embeddable":true,"href":"https:\/\/colvapor.com\/colvapor_new\/wp-json\/wp\/v2\/users\/1"}],"replies":[{"embeddable":true,"href":"https:\/\/colvapor.com\/colvapor_new\/wp-json\/wp\/v2\/comments?post=1925"}],"version-history":[{"count":10,"href":"https:\/\/colvapor.com\/colvapor_new\/wp-json\/wp\/v2\/pages\/1925\/revisions"}],"predecessor-version":[{"id":2071,"href":"https:\/\/colvapor.com\/colvapor_new\/wp-json\/wp\/v2\/pages\/1925\/revisions\/2071"}],"up":[{"embeddable":true,"href":"https:\/\/colvapor.com\/colvapor_new\/wp-json\/wp\/v2\/pages\/11"}],"wp:attachment":[{"href":"https:\/\/colvapor.com\/colvapor_new\/wp-json\/wp\/v2\/media?parent=1925"}],"curies":[{"name":"wp","href":"https:\/\/api.w.org\/{rel}","templated":true}]}}